 multiple of 9613?
False
Does 9 divide 18249530?
False
Is 126 a factor of 35659890?
True
Is 166 a factor of 1016274742?
True
Is 7 a factor of 367019269?
False
Does 8 divide 802510312?
True
Is 53 a factor of 1686020283?
False
Is 66741609 a multiple of 17?
True
Is 55924044 a multiple of 3547?
False
Does 25 divide 43814229?
False
Is 513 a factor of 5156323?
False
Is 151745726 even?
True
Is 31735410 a multiple of 30?
True
Is 140 a factor of 258658680?
True
Does 7 divide 390524491?
True
Does 2585 divide 196890950?
False
Does 347 divide 1112134889?
False
Is 10 a factor of 1500010?
True
Is 2272697616 a multiple of 456?
True
Is 1034 a factor of 187667877?
False
Is 212 a factor of 1117240?
True
Is 10918842 a multiple of 3?
True
Is 1259374116 a multiple of 429?
True
Does 75 divide 4258950?
True
Does 6960 divide 4091761658?
False
Does 617 divide 22248586?
False
Is 1266 a factor of 19983810?
True
Is 2729 a factor of 1750440638?
True
Is 47034532 a multiple of 108?
False
Does 44 divide 33673728?
True
Does 590 divide 312648471?
False
Is 62230291 a multiple of 3370?
False
Is 19667245 a multiple of 232?
False
Does 36 divide 24542712?
True
Does 61 divide 56399502?
True
Is 63819936 a multiple of 76?
True
Is 445462301 a multiple of 25?
False
Is 986 a factor of 394047998?
True
Is 49 a factor of 202429912?
False
Is 12343464 a multiple of 6?
True
Does 25 divide 3643300?
True
Does 15 divide 21179306?
False
Is 51963398 a multiple of 13?
False
Does 763 divide 10314234?
True
Does 128 divide 7740536?
False
Is 1690756780 a multiple of 1492?
True
Does 280 divide 421406321?
False
Is 5617950 a multiple of 201?
True
Is 68985859 a multiple of 40?
False
Is 103 a factor of 2512270?
False
Is 656532231 a multiple of 336?
False
Does 15 divide 9211410?
True
Is 1548848002 a multiple of 953?
True
Does 74 divide 2051349264?
True
Is 1022 a factor of 90360436?
False
Is 107 a factor of 4176874?
False
Does 111 divide 3264625021?
False
Is 9745270 a multiple of 110?
False
Does 139 divide 67498337?
False
Is 222 a factor of 1555037824?
False
Is 46 a factor of 24236618?
True
Does 249 divide 518257893?
True
Does 234 divide 78622035?
False
Is 586 a factor of 488054?
False
Does 1550 divide 952225450?
True
Is 341194406 a multiple of 2506?
True
Is 43729941 a multiple of 13?
False
Is 8840 a factor of 251780880?
True
Does 100 divide 2926200?
True
Does 166 divide 234401794?
True
Is 81235703 a multiple of 69?
False
Is 1492 a factor of 996432019?
False
Does 274 divide 31937234?
False
Is 15 a factor of 605039790?
True
Is 28291249 a multiple of 1005?
False
Is 101213304 a multiple of 456?
True
Is 6 a factor of 14161250?
False
Does 21 divide 248411058?
True
Does 305 divide 10896960?
False
Does 618 divide 486587862?
True
Is 2843 a factor of 1805305?
True
Is 62905552 even?
True
Is 218 a factor of 1045561052?
False
Does 20 divide 5265273229?
False
Is 2435 a factor of 104283745?
True
Is 108292498 a multiple of 2679?
False
Does 223 divide 75346664?
False
Is 23142208 a multiple of 3785?
False
Does 204 divide 62186748?
True
Is 818738272 a multiple of 88?
True
Is 13 a factor of 53468259?
True
Does 5512 divide 705662776?
True
Does 505 divide 128541185?
True
Is 16 a factor of 61566611?
False
Is 28020889 a multiple of 40?
False
Does 184 divide 477638382?
False
Is 62505308 a multiple of 304?
False
Is 564344151 a multiple of 32?
False
Does 486 divide 274234248?
True
Is 286 a factor of 11248380?
True
Is 348 a factor of 75375063?
False
Is 45 a factor of 3074531797?
False
Is 170512464 a multiple of 24?
True
Does 259 divide 3410925052?
False
Does 157 divide 139199929?
False
Is 55461282 a multiple of 5?
False
Is 271 a factor of 15126497?
False
Does 33 divide 830819088?
True
Is 2942 a factor of 225110072?
True
Is 20 a factor of 77701817?
False
Does 680 divide 363102361?
False
Does 2824 divide 17493786?
False
Is 7 a factor of 26307253?
True
Is 22 a factor of 723993?
False
Is 98911610 a multiple of 3010?
True
Is 518931817 a multiple of 17?
True
Is 177342324 a multiple of 29?
False
Does 1122 divide 153941261?
False
Is 173735296 a multiple of 284?
True
Is 27564174 a multiple of 3879?
True
Is 5 a factor of 30435519?
False
Is 352 a factor of 608130798?
False
Is 173 a factor of 437180671?
False
Is 1782 a factor of 571846665?
False
Is 783 a factor of 2798443537?
False
Is 16 a factor of 995172?
False
Is 6141565 a multiple of 38?
False
Is 361 a factor of 55953917?
True
Does 3254 divide 1379142911?
False
Is 8763499 a multiple of 3?
False
Does 17 divide 22380684?
False
Is 14 a factor of 1185450?
True
Is 21178005 a multiple of 43?
False
Does 60 divide 153847490?
False
Does 8 divide 2366655488?
True
Is 3434171911 a multiple of 1654?
False
Is 30 a factor of 432673050?
True
Does 18 divide 282766824?
True
Is 10612182 a multiple of 357?
True
Is 1125339201 a multiple of 19?
True
Is 192130598 a multiple of 195?
False
Does 10 divide 27432630?
True
Does 7 divide 46405184?
True
Is 2961 a factor of 68968457?
False
Does 242 divide 352852155?
False
Is 541 a factor of 17729111?
True
Is 9 a factor of 66262513?
False
Is 217 a factor of 25002867?
False
Is 16 a factor of 156644160?
True
Is 299925 a multiple of 645?
True
Is 30909600 a multiple of 9?
True
Does 4050 divide 640216528?
False
Does 9 divide 226799838?
True
Is 4058 a factor of 109559849?
False
Is 765643 a multiple of 211?
False
Is 58877642 a multiple of 194?
True
Is 12 a factor of 11887478?
False
Is 72 a factor of 41663393?
False
Is 2883277920 a multiple of 30?
True
Does 1033 divide 700328548?
True
Does 1602 divide 25683264?
True
Is 23760792 a multiple of 24?
True
Is 134 a factor of 33808473?
False
Does 1963 divide 86340931?
False
Does 3106 divide 368126226?
True
Is 586 a factor of 117940704?
True
Does 253 divide 4826760?
False
Is 6640725 a multiple of 455?
True
Is 7081 a factor of 3635990140?
False
Is 20978536 a multiple of 137?
True
Is 42696063 a multiple of 7?
False
Is 9143655 a multiple of 2?
False
Is 7022600 a multiple of 100?
True
Is 11 a factor of 55869158?
False
Is 14 a factor of 67363745?
False
Is 13579004 even?
True
Is 80 a factor of 20326960?
True
Is 1496792 a multiple of 233?
True
Is 3687 a factor of 1949921568?
True
Is 23 a factor of 174468754?
True
Does 23 divide 2199928463?
False
Does 4534 divide 159909646?
True
Is 15362036 a multiple of 312?
False
Is 355969055 a multiple of 12?
False
Is 262 a factor of 1073557514?
False
Is 1278 a factor of 45903204?
True
Does 90 divide 264584520?
True
Is 7 a factor of 5394158?
True
Does 1392 divide 755291324?
False
Does 3068 divide 154799486?
False
Is 204999807 a multiple of 4788?
False
Is 9 a factor of 18510723?
True
Is 937021500 a multiple of 1550?
True
Is 13 a factor of 3858934?
False
Is 528409482 a multiple of 34?
False
Is 4 a factor of 1529550808?
True
Is 78 a factor of 92581866?
True
Does 2 divide 14116252?
True
Does 120 divide 1202128000?
False
Is 1339546278 a multiple of 21?
True
Is 158 a factor of 1115704518?
True
Is 1461 a factor of 1295494244?
False
Is 1681925178 a multiple of 5?
False
Is 1210 a factor of 553020820?
True
Does 8 divide 217033480?
True
Does 31 divide 120118074?
False
Is 272 a factor of 29853445?
False
Does 49 divide 4463802?
True
Is 30 a factor of 3106701393?
False
Is 403892937 a multiple of 1239?
True
Is 406535281 a multiple of 14?
False
Is 1842 a factor of 17403216?
True
Does 112 divide 3092665?
False
Is 184 a factor of 8469152?
True
Does 16 divide 134565728?
True
Is 4602339 a multiple of 21?
True
Is 316432790 a multiple of 149?
True
Is 257 a factor of 21455549?
False
Is 208032482 a multiple of 251?
False
Is 178096337 a multiple of 114?
False
Does 49 divide 24596579?
True
Is 309 a factor of 404421054?
True
Does 6 divide 1018367130?
True
Does 73 divide 861238385?
False
Is 1566252259 a multiple of 241?
False
Is 479908976 a multiple of 326?
False
Is 23528956 a multiple of 22?
True
Is 1553276679 a multiple of 295?
False
Is 398791174 a multiple of 1429?
False
Is 28 a factor of 583448348?
True
Is 177 a factor of 1985504?
False
Is 5 a factor of 6378476?
False
Is 118005381 a multiple of 113?
False
Is 5 a factor of 441070428?
False
Is 314 a factor of 124995550?
True
Is 328809948 a multiple of 5?
False
Is 351113936 a multiple of 724?
True
Is 53112211 a multiple of 29?
False
Does 274 divide 4718715?
False
Is 115 a factor of 194